 (0 + m/(-6))*2. Suppose 0 = -s - 4*s + d. What are the prime factors of s?
5
Let o = 2 - -2. Let s(z) = z - 1. List the prime factors of s(o).
3
Let k be (-84)/20 - 1/(-5). What are the prime factors of 14/k*(1 - 5)?
2, 7
Suppose 0 = r - 0*r + 2. List the prime factors of (2 - -3)/(r/(-6)).
3, 5
Suppose 2*l - 3 - 5 = 0. Suppose -m - 5*a + 8 = -l, 0 = -3*m + 2*a + 36. List the prime factors of m.
2, 3
Suppose -4*l + 194 = 66. What are the prime factors of l?
2
Let v(o) = -o + 2. Let k be v(-4). Let h(x) = -x**3 + 5*x**2 + 9*x - 9. What are the prime factors of h(k)?
3
Suppose 21 = 3*i + 5*l + 1, 4*l + 28 = 2*i. List the prime factors of i.
2, 5
Let i(k) = 7*k + 1. Let o be i(-1). List the prime factors of o/(-24) - (-75)/4.
19
Suppose 1 = 3*s - t + 3, -5*s - 2 = -t. Suppose 6 = 3*i + 3*w, 3*i = -s*i + 4*w + 20. What are the prime factors of i?
2
Suppose -w = -4*x + 577, -5*w - 105 = -5*x + 635. List the prime factors of x.
11, 13
Suppose -3*f = -f - 10. Suppose s - 8 = f*s. What are the prime factors of 1 - ((-1)/(-1) + s)?
2
Suppose -4*h = -7*h + 102. What are the prime factors of h?
2, 17
Let x = 29 - -59. List the prime factors of x.
2, 11
Suppose 0 = -3*a + 9, 0 = -4*r + 2*r + 5*a + 211. What are the prime factors of r?
113
List the prime factors of (40/30)/((-4)/(-30)).
2, 5
Let a(h) = h**3 - h**2 - h + 30. What are the prime factors of a(0)?
2, 3, 5
Let w(x) = 3*x**3 - 8*x**2 - 9*x + 5. Let h(s) = -s**3 - s + 1. Let p(v) = -2*h(v) - w(v). Let b be (25 + -7)*(-1)/(-2). What are the prime factors of p(b)?
11
Suppose 5*d - 3*d - 5*t = 181, -5*d = 5*t - 505. What are the prime factors of d?
2, 7
Let c = -7 - -8. Suppose -2*v = -21 - c. What are the prime factors of v?
11
Suppose 0*y + 5*y = 0. Suppose y = -0*h + 3*h - n + 14, 4*h = -3*n + 3. What are the prime factors of ((-22)/h*3)/2?
11
Let k(a) = a + 4. Let p be k(-5). Let l be -2 - -1 - 4/p. Suppose 0 = -3*g + 2*d - 15 + 57, l*g = 5*d + 51. What are the prime factors of g?
2, 3
Suppose 0 = -5*k + 5*w + 45, w - 39 + 0 = -5*k. Let z(q) = q**3 - 7*q**2 - 7*q + 9. What are the prime factors of z(k)?
17
Suppose 19 = 2*a + d - 73, 3*a + 5*d - 131 = 0. Suppose 13 = 5*g - a. List the prime factors of g.
2, 3
Suppose 2*j + 4*l - 9 = 31, 3*l = 5*j - 48. Suppose j*k - 51 = 9*k. List the prime factors of k.
17
List the prime factors of 8/(-4) - 17*-3 - 2.
47
Let j(c) = -c + 3. Let p = 9 + -6. Suppose 0 = p*q + q + 32. List the prime factors of j(q).
11
Let u = 2 + -4. Let i = u - -10. Let c(f) = -f**2 + 8*f + 10. List the prime factors of c(i).
2, 5
Suppose -4*j = -4*z + 89 - 257, -89 = -2*j + 3*z. What are the prime factors of j?
37
Let f(m) = 2*m + 11. What are the prime factors of f(14)?
3, 13
Let h = 254 + -113. What are the prime factors of h?
3, 47
Suppose 8*j - 890 = -2*j. List the prime factors of j.
89
Let b = 0 - -3. Suppose -11 + 2 = -b*v. What are the prime factors of v?
3
Suppose -2*s - 32 = 5*i, 0 = -s - i - 3*i - 22. Let n = 3 - s. List the prime factors of n.
3
Let v = -9 - -9. Suppose v*f = f - 4. List the prime factors of f.
2
Let h be (12/30)/(1/5). Suppose -5*o + 78 = i, o - 4*i = -h*i + 9. List the prime factors of o.
3, 5
Let x(z) = 12*z - 1. Let u be x(-1). Let t = u - -41. List the prime factors of 2/3 - t/(-3).
2, 5
Let o(j) = j**3 + j + 0 - j**2 - 2*j**2 + 1. Let v be o(3). List the prime factors of (-1)/(-1)*24/v.
2, 3
Suppose -2*b + 0*b = 4*h - 82, 2*h + 6 = 0. List the prime factors of b.
47
Let u = 0 + 8. Let b = u + -11. Let r(z) = -3*z. List the prime factors of r(b).
3
Let t(q) = q + 10. Let c be t(-7). Suppose 2*u - 6 = -3*r - r, c*u + 1 = -r. What are the prime factors of 1/(-1*u/2)?
2
Let o = -154 - -109. List the prime factors of (o/(-36))/((-1)/(-8)).
2, 5
Let w = 57 + -30. List the prime factors of w.
3
Let u = 139 + -79. What are the prime factors of u?
2, 3, 5
Suppose -3 + 1 = -n. Let j be 6/(-14) - 342/(-14). Suppose -s - 33 = -n*q, -4*s - j = -q - 2*s. List the prime factors of q.
2, 7
Let f(v) = -13*v - 3. Let u be f(-2). Suppose -8 - 4 = -3*z. Suppose -3*g = w - 10, -g = -4*w + z*g + u. What are the prime factors of w?
7
Suppose -5*f - 135 = 5*x, -f = -3*f + 3*x - 39. List the prime factors of (414/24)/((-9)/f).
2, 23
Let j(o) = -o**2 + 7*o - 5. Let a be j(5). Suppose -a*w + 12 = -w. Let p = 6 + w. List the prime factors of p.
3
Suppose -5*p = -407 - 353. List the prime factors of p.
2, 19
What are the prime factors of (4/14 - 176/77)*-127?
2, 127
Suppose 164 = -6*r + 20. Suppose -5*l - 130 = 3*a, 0 = -4*a - 3*l - 140 - 26. Let b = r - a. List the prime factors of b.
2
Let l be (3/(-6))/((-1)/6). Suppose -5*j - 44 = -v - 0*v, l*v = -3*j + 60. List the prime factors of v.
2, 3
Let f = -4 + 8. Suppose 3*p + 101 = -f*s, 2 = s + 1. What are the prime factors of p/(-4) + 6/24?
3
Let j = -277 - -532. What are the prime factors of j?
3, 5, 17
Suppose 0 = 5*a + z - 88, -3*a + 4*a - 4*z - 26 = 0. Let v = -1 + a. List the prime factors of v.
17
Let w be -3*(3/(-9) + 0). Let k(p) = 14*p**3 + 2 - 3 + 0*p**3. What are the prime factors of k(w)?
13
Suppose -30 = 4*g - 6*g. Let j = g + -9. List the prime factors of j.
2, 3
Let y(a) be the third derivative of 2*a**5/15 - a**4/24 - 2*a**2. What are the prime factors of y(-1)?
3
Let v = 175 - 111. Let i = v + -35. Suppose 14 = 2*u + 4*y, 2*u - i = -3*u - 4*y. List the prime factors of u.
5
Suppose 660 = 6*q - q. Suppose 4*p - 124 = 2*s + s, -s = -4*p + q. What are the prime factors of p?
2, 17
Let h = 106 + -41. What are the prime factors of h?
5, 13
Let d(s) = 2*s**2 - 5*s - 7. Let a be d(-7). Suppose -4*p + a = -5*t, -92 = -p - 2*p + 5*t. Let n = 51 - p. List the prime factors of n.
17
Suppose -3*d - 246 = 15. Let x = -51 - d. List the prime factors of x.
2, 3
Let r be 8*(15/(-6) - -3). Suppose u - r = -u, 0 = 2*v - 5*u. Suppose x - 12 = -0*x + 3*s, 0 = -v*s. What are the prime factors of x?
2, 3
Let d(o) be the second derivative of o**4/12 - 3*o**3 + 11*o**2/2 + 2*o. Let p(t) = t. Let a(c) = -d(c) - 4*p(c). What are the prime factors of a(12)?
13
Suppose 2*w - 46 = -5*t + t, -3*t - 2*w + 37 = 0. List the prime factors of t.
3
Let d = 35 + 48. Suppose -4*p = d - 251. What are the prime factors of p?
2, 3, 7
Suppose 2*i - 79 = h - 2*h, 3*h + 105 = 3*i. Let s be 2/((4/i)/(-1)). Let t = -11 - s. List the prime factors of t.
2
Let v(u) = u + 12. List the prime factors of v(-6).
2, 3
Let l = 1 - 3. Let s = l + 7. Suppose -5*m - 2 = -s*i - 17, 3*m = 15. What are the prime factors of i?
2
Let k = -10 - -24. What are the prime factors of 63/k*(-1 - -3)?
3
Suppose 5*h = i + 52, 6*i + 92 = 3*i - h. Let g be ((-6)/4)/(2/28). Let z = g - i. What are the prime factors of z?
11
Let v = -63 - -88. What are the prime factors of v?
5
Let t(q) = -q**3 - 9*q**2 - 2*q - 13. Let j be t(-9). Suppose 0 = -j*p - p + 306. List the prime factors of p.
3, 17
Let i = -58 - -104. Suppose -3*c + c + i = 0. List the prime factors of c.
23
Let y be 7*(-1 + 2) - 2. Suppose -y*v + v = -m + 18, -5*v - 17 = -m. What are the prime factors of m?
2, 11
Let h(y) = -y**3 + 13*y**2 - 15*y - 13. List the prime factors of h(10).
137
Let x = 18 + 2. Let c be (2/(-4))/((-2)/x). Suppose c*r - 49 + 4 = 0. What are the prime factors of r?
3
Suppose -76*k = -71*k - 170. What are the prime factors of k?
2, 17
What are the prime factors of 140/(-30)*(-96)/2?
2, 7
Suppose -3*g + 5 + 4 = 0. Suppose 0 = v - 5 - g. List the prime factors of v.
2
Suppose -3*s - s + 56 = 0. List the prime factors of s.
2, 7
List the prime factors of 1/5*5 + 4.
5
What are the prime factors of 0 - ((3 - 45) + -4)?
2, 23
Suppose 0 = 5*l - p - 30 - 11, -5*p + 20 = 0. Let q(v) = -v**2 + 12*v - 9. List the prime factors of q(l).
2, 3
Let l(q) = q**2 + 2*q + 5. Let h be l(-9). Let d = 100 - h. List the prime factors of d.
2
Let v = -103 - -146. List the prime factors of v.
43
List the prime factors of (48/(-30))/(4/(-50)).
2, 5
Let c(q) be the first derivative of -q**2/2 + 3*q + 2. Let m be c(6). List the prime factors of (2 - (-2)/m)*3.
2
Suppose 2 = -4*y + 22. Suppose y*a = 3*a + 32. List the prime factors of a.
2
What are the prime factors of 1/1 + -16 + 311?
2, 37
Let r(s) = -2*s**2 + 2*s. Let m be r(-2). List the prime factors of (-74)/(-6) - 8/m.
13
Let b(o) = -5*o + 5. Let i(j) = 35*j - 35